rime factors of m(x)?
631
Let n be 57/(-6)*(2 - 84). Let l = n - 387. What are the prime factors of l?
2, 7
List the prime factors of (-834348)/(-28) - -4 - (-8)/392*-7.
2, 3, 4967
Suppose -180*t - 423565 = -1257865. What are the prime factors of t?
3, 5, 103
Let s = -6867 - -14931. List the prime factors of s.
2, 3, 7
Let z(n) = 333*n - 285. What are the prime factors of z(22)?
3, 2347
Suppose -5*r + 23486 = 6*p - 2*p, 11750 = 2*p - r. What are the prime factors of p?
2, 3, 11, 89
Let y = -2747 + 2751. Suppose x + 0*x = 0. Suppose x = -2*r - 10, r - 433 = t - y*t. List the prime factors of t.
2, 73
Suppose -3*w + 2*h = w - 164, 4*w + 5*h - 164 = 0. Let t = w - -173. What are the prime factors of t?
2, 107
Suppose 309*z + 39*z = 64*z + 355000. List the prime factors of z.
2, 5
Suppose 3*l - 4*s = 30480, -4*l + 40644 = 2*s - 6*s. Suppose 38*c = 17*c + l. What are the prime factors of c?
2, 11
Suppose 128*m + 47862 = 188534. List the prime factors of m.
7, 157
Let l be (-2 - -57) + (-2 - 3). Let u be (4/8)/((-4)/(-40))*l. Suppose -718 = -11*m + u. What are the prime factors of m?
2, 11
Let u(x) = -320*x - 1077. List the prime factors of u(-12).
3, 307
Let t(p) = p**3 - 2*p**3 - 2*p + 4*p + 43. Suppose 0 = 795*k - 811*k. What are the prime factors of t(k)?
43
What are the prime factors of ((-542)/(-10))/(-29 - 9864/(-340))?
17, 271
Let g(v) = -v**2 + 13*v - 20. Let b be g(11). Suppose -3*i = b*w + w + 381, 242 = -2*i + w. Let d = -66 - i. What are the prime factors of d?
3, 19
Suppose 15 = -5*h, -3338 = -5*j - 5*h + 337. List the prime factors of j + (-4)/10*(-20)/2.
2, 7, 53
Suppose -3*y + 5 = 2*y. Let q be y - (-4)/(-4) - -1. List the prime factors of (-1)/(q/12)*(-99)/36.
3, 11
Let h = 1141 - 558. Let y = h + -193. List the prime factors of y.
2, 3, 5, 13
Let l(s) = 10*s**3 - s**2 - 4. Let b be l(-2). Let d be (-34)/9 - (b/(-72) + -1). List the prime factors of d/28 - 596/(-7).
5, 17
Suppose -4*a + 10 = -2*p, a + 5*p = -1 - 24. Suppose -q + 3 = 2*z - a, 4*z - 5*q = -29. List the prime factors of (-2 - z)*-2 + -20 + 22.
2
Let x(d) = -2*d**2 + 2. Let v(c) = -c**2 - 14*c. Let n be v(-14). Let o be x(n). Suppose o*b + 3*a = 126, a = 5*b + 2*a - 302. What are the prime factors of b?
2, 3, 5
Let i be (155*-1)/(37/(-74)). Let u = i + 25. What are the prime factors of u?
5, 67
List the prime factors of (-2)/6*(1 + (-9 - -5)) + 11522.
3, 23, 167
Suppose -2 = -5*f + 8. Let o be 4 + ((-18)/3)/3. Suppose -o*v = -4*p + v + 798, 5*p - 994 = f*v. What are the prime factors of p?
2, 3, 11
Let i(s) = 21763*s**3 - 5*s**2 + 79*s - 77. List the prime factors of i(1).
2, 5, 17
Let z(u) = u**3 + 8*u**2 + 4*u - 17. Let q be z(-7). Let j be q + -3 + -3 - -4. List the prime factors of 13*(7 + (j - 4)).
5, 13
Let u be (5 - -4) + (-8 - -2)/(-6). Suppose u*n - 8*n = 302. List the prime factors of n.
151
Let q be ((-2)/((-12)/358))/((-3)/(-54)). Suppose -26*o + 28*o = q. What are the prime factors of o?
3, 179
Suppose 13*u - 26*u = 0. Let y be -3 + 5 - (1 + -9 + u). Suppose -847 = y*p - 2907. List the prime factors of p.
2, 103
Let y(j) = j**2 + 9*j - 1. Let l be y(-13). Suppose 21 = -2*u - p, -3*p + 0*p - l = 5*u. What are the prime factors of 63*(u - -16)/((-14)/(-3))?
2, 3
Let y = -37 - -38. Suppose -m - 1 = -2*z, -3*m + 5*z - y = -0*z. Suppose -m*q + 5 = -2*u, u + u + 8 = 4*q. What are the prime factors of q?
3
Let i(x) = -24*x - 3. Let y = 24 - 32. Let r be (y/(-6) - 1)/(23/(-69)). What are the prime factors of i(r)?
3, 7
Suppose 43*g - 40*g - 5292 = 0. Suppose 4*m - g = -388. What are the prime factors of m?
2, 43
Let b be 2*(-3)/(4 - -2) - -1. Suppose -5*m + 5*s = -b*s + 715, -5*s = -3*m - 433. List the prime factors of (-1)/(2/6) - m.
2, 3, 23
Let w = 745 - 257. Suppose 3*k = 2*r + 2488, 0 = -3*k + 3*r - w + 2972. What are the prime factors of k?
2, 13
Let s(y) be the second derivative of y**4/12 + 7*y**3/3 - 7*y**2 + 13*y. Suppose 0 = v + 15 + 1. List the prime factors of s(v).
2, 3
What are the prime factors of 67/((-737)/(-52074))*1/3?
2, 3, 263
Let m(i) = i**3 + 44*i**2 - 46*i + 11. Let r be m(-45). Suppose -k + 6*k = 45. Let v = r + k. List the prime factors of v.
5, 13
Let t = 744 + -449. Suppose -b + t = -2*n, -12*b - 3*n - 1482 = -17*b. List the prime factors of b.
3, 11
Let j(y) = y**2 - 8*y - 24. Let m be j(11). Suppose -15 = 5*b + 5*q, -m - 4 = b - q. List the prime factors of (-4)/(-6)*(-732)/b.
61
Suppose 267*a - 3612 = 270*a. Let h = -724 - a. What are the prime factors of h?
2, 3, 5
Suppose -247*a + 239*a - 1428 = -7220. List the prime factors of a.
2, 181
Let y = -22213 - -48268. What are the prime factors of y?
3, 5, 193
What are the prime factors of 12 + 26880 + (-8)/((-8)/5) + -10?
7, 23, 167
Let r(s) = -33*s**3 + 4*s**2 - 14*s - 48. List the prime factors of r(-6).
2, 3, 7, 29
Let b(y) = 1839*y**3 + y**2 - 5*y + 5. Let x be (0 - 2)/(-6 + (8 - 4)). List the prime factors of b(x).
2, 5, 23
Let c be ((-20617)/(-4) - -3) + 9/(-36). Suppose -8*w + 6*w - 5*m = -3423, 3*w + 3*m - c = 0. What are the prime factors of w?
2, 431
List the prime factors of ((-6292)/260 - -23)/(2/(-138860)).
2, 3, 53, 131
Suppose 14*n = 2*x + 11*n - 55540, -4*n = 0. What are the prime factors of x?
2, 5, 2777
Suppose -2*o - 5*o = -21. Suppose -4*j - o*u = -2505, -4*u - 916 = -j - 266. Suppose j = 9*y - 27. What are the prime factors of y?
73
Suppose 2*m + 5*d - 7609 = m, 0 = -3*m + d + 22763. List the prime factors of m.
7589
Suppose -g - 5188 + 7901 = -7063. What are the prime factors of g?
2, 13, 47
Let p = -5360 + 7160. List the prime factors of p.
2, 3, 5
Suppose 0 = -5*b + 4*b - 5*h - 25, 0 = b + 4*h + 20. Suppose b = -d - 4*m + 167, -4*m + 364 = 2*d - 2*m. List the prime factors of d.
11, 17
Let l(v) = -v**2 - 2*v + 10. Let b be l(-4). Suppose 323 = b*x - 4*c - 315, -c + 1606 = 5*x. List the prime factors of x.
3, 107
Suppose 0 = 48*c - 24*c - 41208. Suppose -7637 = -5*a - c. What are the prime factors of a?
2, 37
Let t(g) = g**3 - 14*g**2 + 4*g - 4. Suppose -3*i + 0*a - 2*a + 49 = 0, -4*i + 5*a = -50. What are the prime factors of t(i)?
281
Suppose 1067 = 2*h - 3*h. Let q = 1977 + h. List the prime factors of q.
2, 5, 7, 13
Let h = 2508 + -1993. List the prime factors of h.
5, 103
What are the prime factors of 1 - ((8687250/70)/(-13) + (-9)/(-21))?
9547
Let q(z) = 633*z - 7724. What are the prime factors of q(24)?
2, 1867
Let l = 90696 + -42404. List the prime factors of l.
2, 12073
Suppose 0 = -140*p + 137*p + 46650. List the prime factors of p.
2, 5, 311
Let q(f) = -29*f + 2*f**2 + 12*f + 15*f - 39. What are the prime factors of q(6)?
3, 7
Let c(s) be the first derivative of 2*s**3/3 - s**2 - 46*s + 13. List the prime factors of c(-14).
2, 11, 17
Let v(f) = 325*f**2 + 8*f - 205. List the prime factors of v(6).
7, 17, 97
Let f(j) = 51*j**2 - 8*j + 10. Let v be f(3). Let b = -389 - v. List the prime factors of ((-2)/3 - -1)/((-1)/b).
2, 139
Let y(c) = c**3 + 4*c**2 + 2*c + 2. Let g = 25 - 28. Let n be y(g). Suppose -954 = -2*i - 3*i - q, -946 = -n*i + q. What are the prime factors of i?
2, 5, 19
Suppose 3*y - 2*x - 65 = -3*x, 2*y + 3*x = 41. Suppose -y*n + 15*n = -1050. List the prime factors of n.
2, 3, 5
Let n(m) = -61*m - 201. Let k be n(-34). Suppose k = -11*p + 16239. List the prime factors of p.
2, 653
Suppose 0 = -10*u + 6*u - 112. Let s = -45 - u. What are the prime factors of 72/2 + 17/s?
5, 7
Suppose 3*i - 4*a - 55 = 0, 32 = 3*i + 2*a - 35. Suppose -i*l + 25*l - 376 = -r, -r + 5*l + 358 = 0. List the prime factors of r.
2, 23
Let c(l) be the first derivative of 17*l**2 + 28*l + 1. Let d(a) = a**2 - 233*a + 466. Let x be d(2). What are the prime factors of c(x)?
2, 41
List the prime factors of (2 - 7405/20)*(-31 - 5).
3, 491
Let q(o) = 3*o**2 + 24*o. Let c be q(-8). Suppose -2*t - 5*k + 395 = -c*t, 4*k = -2*t + 400. List the prime factors of t.
2, 3, 5, 7
Let t = -737 - -2342. Suppose t = 7*i - 4051. List the prime factors of i.
2, 101
Let s(o) = 92*o**2 - o + 71. What are the prime factors of s(-6)?
3389
Suppose 28*c - 129415 = -23127. What are the prime factors of c?
2, 13, 73
Let w(m) = m**3 + 14*m**2 + 14*m + 11. Let y be w(-13). Let c be (y - (-7 + 0 + 4)) + -2. List the prime factors of ((-24)/(-36))/(c/(-12)).
2
Let q be ((-6)/9)/((-4)/16860). Su